 -691*m + 676*m. What is the thousands digit of m?
2
Suppose 2*c - 2*r + r = 438, 4*c + 2*r = 892. What is the hundreds digit of c?
2
Suppose z - 2*z + 5 = 0, -v + 2*z + 41 = 0. Suppose -v = -p + 16. What is the units digit of p?
7
Let o be (-3)/2*(3 + -7). Let h be (-3)/9 + 32/o. Suppose -h = -t + 18. What is the units digit of t?
3
Suppose -17 = 4*z + 67. What is the units digit of z/(-4 + (-50)/(-14))?
9
Suppose -4*b + 12 = -4*j, -4*b = 3*j + 4 - 23. Suppose -y - 89 + 295 = -b*a, 5*a = 15. What is the hundreds digit of y?
2
Let s = 113 + -50. Suppose -2*a + 87 = 5*b - s, b - a = 30. What is the units digit of b?
0
Suppose -2*h - 26 = -3*r, 3*r = -5*h - 0*r - 107. What is the units digit of (-156)/(-38) - (-2)/h?
4
Let w(a) be the third derivative of a**4/4 + 2*a**3/3 + 6*a**2. What is the tens digit of w(11)?
7
Let r = 32 - -162. What is the units digit of r?
4
Let j(b) = 9*b**2 - 2*b + 1. Let x be j(-3). Suppose -4*a + x = -i, -2*i - 107 = -4*a - a. What is the tens digit of a?
2
Suppose b - 1 = -2*j, -2*b + 0*b - 7 = j. What is the tens digit of b + 9 + 88 + (2 - 0)?
9
Let l = -2451 - -6226. What is the hundreds digit of l?
7
Let g be 3/18 + 22/12. Let s be (2 - g - -3)*1. Let i = s + 3. What is the units digit of i?
6
Let r = -263 - -281. What is the tens digit of r?
1
What is the hundreds digit of -58*(-3 - (0 + (4 - 3)))?
2
Suppose -73 = a - 124. What is the units digit of a?
1
Let v(h) = h**2 + 4*h + 6. Let m be v(-4). Suppose m = 2*a - 4. Let y(w) = -w**3 + 7*w**2 - 6*w - 4. What is the tens digit of y(a)?
1
What is the thousands digit of (-12872)/(-3) - (1072/(-48) - -22)?
4
Suppose -11 + 2 = -3*y. What is the tens digit of y/((-12)/22)*30/(-3)?
5
Let f be (-5 - 3)*(-6)/(-8). What is the units digit of f/(-8)*36/9?
3
Suppose -7*r + 562 + 2525 = 0. What is the tens digit of r?
4
Let o(w) = -7*w**2 - 15*w - 16. Let f(i) = 8*i**2 + 15*i + 16. Let y(n) = 6*f(n) + 7*o(n). What is the tens digit of y(-11)?
2
Let v(l) be the third derivative of l**6/24 - l**4/24 - l**3/6 + 8*l**2. Let j be v(-1). What is the tens digit of (-4)/(-1) - (-59 - j)?
5
Suppose 6643 + 7853 = 32*o. What is the units digit of o?
3
What is the tens digit of ((-92)/(-6) + -5)/((-2)/(-138))?
1
Let j = -488 - -1327. What is the tens digit of j?
3
Let c be 34/12 - (-2)/12. Let f be 0*c/(-6)*1. Suppose f*x + 28 = 2*x. What is the tens digit of x?
1
Suppose 37*w - 1368 = 35*w. What is the hundreds digit of w?
6
Suppose -3*p + 21 = 3*r, 2*r - 2 = p - 3. Suppose a + p - 10 = 0, a - 97 = -4*b. Let o = b + -4. What is the units digit of o?
9
Let f(l) = l**3 - 7*l**2 + 4*l + 1. Let b be -1*(1 - 0) - -8. Let n be f(b). Let i = n + 1. What is the tens digit of i?
3
Suppose 0 = 7*g + 16 + 5. What is the units digit of 33/(-2)*(1 + g)*1?
3
Let v be (-6)/(-27) - 8/36. Suppose -2*j - 6*o + 3*o + 95 = v, 0 = -o + 3. What is the units digit of j?
3
Let m = -12 + 14. Suppose m*x = x + 3. Let z = x + 5. What is the units digit of z?
8
Suppose y - 3 = -q, 5*y - 34 = 2*y + 2*q. Let h(o) = -o**3 + 9*o**2 - 9*o + 7. Let k be h(y). What is the units digit of k*43*(4 - 5)?
3
Suppose -2*j - 11*j = -21944. What is the tens digit of j?
8
Suppose 22*k - 35 = 15*k. Suppose 5*c - 341 - 319 = -2*i, 5*c = k*i + 625. What is the units digit of c?
0
Suppose -2*g - 5*l = -3405 - 2250, -8499 = -3*g - 2*l. What is the units digit of g?
5
Suppose -w + 6*w + a = -26, 0 = 2*w - 5*a + 5. What is the units digit of ((-62)/5)/(-1) + 2/w?
2
Let h = -103 - -108. Suppose 4*n - 3*v - 821 = 0, -h*n + 0*n + 1024 = -3*v. What is the tens digit of n?
0
Let f = 11 + -8. Suppose -5*l + 0*b - f*b = -507, 5*b = -2*l + 199. Suppose l = 3*j + 12. What is the units digit of j?
0
Let o(w) = w**2 - 4*w - 4. Let g be o(4). Let r be -1 + 18*(-22)/g. Let s = -67 + r. What is the tens digit of s?
3
Let h = -19 + 60. Suppose 0 = -2*y + u - h, 0*u + u = -y - 13. What is the tens digit of ((-116)/(-6))/((-6)/y)?
5
Let l(h) = -143*h + 44. What is the tens digit of l(-5)?
5
Let n(d) = 4*d**2 + 3*d + 3338. What is the hundreds digit of n(0)?
3
Let z = -28 - -32. What is the units digit of (z - 0 - 2) + 32?
4
Let g be 6/(-33) - 167/(-11). Let w = 15 - g. Suppose -3*q = -w*q - 84. What is the units digit of q?
8
Suppose -2*m = -2*c - 7*m + 40, 0 = 2*c - 4*m - 40. Suppose -555 = -5*u + 8*j - 4*j, 4*j = c. What is the hundreds digit of u?
1
Let z = 2 - 0. Suppose 12 = 4*n - 4*x, 11 = 2*n - x + z. Suppose -m = -n - 4. What is the tens digit of m?
1
Let j = -223 - -580. What is the units digit of j?
7
Suppose 3*f = -6*f + 3492. What is the tens digit of f?
8
Suppose 4*s + 5*u = 33, -2*s - 3*u + 11 + 8 = 0. Suppose -21 - 1 = -s*a. Let n = 10 + a. What is the tens digit of n?
2
Let d = 17 + -30. Let g = d - -112. What is the tens digit of g?
9
Let t(n) = 5*n - 6. Let u be t(4). Let p be (-5)/((-10)/(-6)) + u. Suppose 2*r = -3*c - p + 95, 0 = 4*r - 5*c - 146. What is the units digit of r?
9
Suppose 0 = -20*l - 8693 + 26753. What is the tens digit of l?
0
Let r(q) = -q**3 - 8*q**2 - 9*q - 6. Suppose j + 4 + 4 = 0. Let x be r(j). Suppose -6*f + 8*f = x. What is the units digit of f?
3
Let m(a) = -3*a. Suppose 30 = -4*c + 2*c. Let s be m(c). Let h = s + -7. What is the units digit of h?
8
Let u(k) = k**3 - k**2 - 4*k + 1. Let y be u(3). Suppose -y*x = -6*x - 4. What is the units digit of 1/((x/(-40))/(-1))?
0
Let y(d) = d**2 - 1. Let b(f) = f**3 - 14*f**2 + 21*f - 21. Let x(u) = b(u) - 4*y(u). What is the tens digit of x(17)?
5
Let k(n) = 205*n**2 + 5*n + 2. Let p be k(-1). Let f = 361 - p. What is the tens digit of f?
5
Suppose 4*p - 3*p = 3*o - 122, 4*o + 2*p = 156. What is the tens digit of o?
4
Suppose 429 = u + 155. What is the tens digit of u?
7
Let l(a) = -75*a**3 + a**2 + 2*a + 1. Let n = -90 + 89. What is the tens digit of l(n)?
7
What is the hundreds digit of (441808/1484)/((-3)/((-42)/4))?
0
Suppose 2*t + 4*x + 40 = -0*t, 5*t + 67 = x. What is the tens digit of (t/1)/(3 + 159/(-51))?
1
Let m = -66 + -39. Let p = -65 - m. Let z = 78 - p. What is the tens digit of z?
3
Let z(q) = q**2 - 16*q + 10. What is the units digit of z(-17)?
1
What is the tens digit of ((-324)/90)/(4/(-530))?
7
Let m be (-6 - -3)*(-4)/(-18)*-54. What is the units digit of 8/2*981/m?
9
Let v(k) = 7*k**2 - 5*k - 8. Let l be v(-5). Let r = 307 - l. What is the hundreds digit of r?
1
Let r be 1 + -1*534/3. Let z = r + 89. What is the tens digit of 38/8*z/(-11)?
3
What is the hundreds digit of (-3118)/((-72)/(-8) - 11)?
5
Let k(r) = r**3 + 34*r**2 - 30*r - 38. What is the units digit of k(-26)?
0
Let k(r) be the first derivative of r**3/3 + 9*r**2 + 19*r + 38. What is the units digit of k(-18)?
9
Suppose 0 = 4*u - 100 + 92. Let q(m) = 7*m**2 + 6*m - 2. Let a be q(4). Suppose 5*l = -4*y + a, 0*l = l - u. What is the units digit of y?
1
Let a = 485 + -303. Let d = -84 + a. What is the tens digit of d?
9
Let a = 105 + -158. Let h = a + 99. What is the tens digit of h?
4
Let q(h) = 3*h**2 - 30*h + 9. Let w(x) = x**2 - 10*x + 3. Let a(c) = 3*q(c) - 8*w(c). Let r be a(7). What is the tens digit of 4/6 + (-186)/r?
1
Suppose 4*f + 47 = -5*t, f + 6 = t + 19. Let g = t - -16. What is the units digit of (-7 + g)/((-2)/28)?
8
Suppose k + 12 = 2*g - 8, 5*k = -3*g + 30. Let c = -12 + g. What is the units digit of c - (0 + -24*1)?
2
Let z be (-42)/(-8)*(-8)/(-4 + 2). Let c be 0 - -1 - (-85 - 7). Let o = c - z. What is the tens digit of o?
7
Let p = -35 + 35. What is the hundreds digit of p - 183*(-10)/15?
1
Let g be ((-6)/(-4))/((-12)/(-1904)). Suppose -4*w + 5 = -3, 0 = -4*s + 5*w + g. What is the units digit of s?
2
Suppose 2*i + 2*t + 620 = 0, -4 - 6 = -5*t. Let o = i - -492. What is the tens digit of o?
8
Suppose -11 = -3*z - m, 3 = 2*m - 7. Suppose -3*w = -4*q + 300, -q + 3*w - z*w = -76. What is the tens digit of q?
7
Let z(x) be the third derivative of x**5/60 - 13*x**4/24 + 29*x**3/6 - x**2. Let q be z(12). Let v = q + -3. What is the units digit of v?
4
Let y(b) be the first derivative of -b**5/60 + 7*b**3 + 7*b**2/2 - 3. Let q(h) be the second derivative of y(h). What is the units digit of q(0)?
2
Let m(c) = -c**2 + 11*c + 12. Let s be m(12). Suppose 25 = 5*v - s. Suppose -v*p + 0*p + 105 = 0. What is the tens digit of p?
2
Let p = 164 + 363. What is the tens digit of p?
